 = f + 4. Let x be s(4). Let b(t) = -t**2 + 13*t + 2. Let a be b(x). Suppose -182 = -4*z - a. What is the units digit of z?
5
Suppose 43*g - 1000 = 39*g. What is the units digit of g?
0
Let w(p) = 8*p - 5. Let h(f) = -8*f + 4. Let y(q) = -6*h(q) - 5*w(q). What is the units digit of y(6)?
9
Let z(x) = -32*x - 12. What is the units digit of z(-19)?
6
Let b(r) = r**3 + 9*r**2 - 10*r + 3. Suppose 22 - 5 = -t + 4*a, 0 = -4*t - 3*a - 11. What is the tens digit of b(t)?
5
Suppose 2*c - 116 = 3*m, 3*m = 17 - 5. Suppose 3*j = -3*b + 60, -j = 2*j + 4*b - c. What is the units digit of j?
6
Let s(b) be the third derivative of 0*b**3 + 1/5*b**5 - 8*b**2 + 0 + 0*b - 1/24*b**4. What is the units digit of s(-1)?
3
Let f(a) = 11*a**3 + 30*a**2 + 6*a. What is the thousands digit of f(6)?
3
Suppose -z + 5*z = 24. Suppose 0 = z*a - 2*a - 40. What is the tens digit of a?
1
What is the hundreds digit of (-1 - 15/(-10))*4 - -3249?
2
Suppose -7*o + 20 = -3*o. Suppose 0 = o*m - 5 - 340. What is the tens digit of m?
6
Let g(n) = 33*n**2 + n - 25. Let c(k) = -17*k**2 + 13. Let u(t) = 11*c(t) + 6*g(t). What is the units digit of u(2)?
9
Let w(u) = 1616*u - 6. What is the tens digit of w(1)?
1
Let w = -901 - -496. Let m be (-2)/8 + (-45)/(-20). What is the units digit of w/(-20) - m/8?
0
Let p = -545 + 1383. What is the tens digit of p?
3
Let r(j) = -5*j + 260. What is the tens digit of r(19)?
6
Let g(q) = q**3 + q**2 - q - 14. Let z be g(0). Let d = z + 16. Suppose -4*l + 5*m = -48 - 45, 39 = d*l - m. What is the units digit of l?
7
Let b be 2/(30/9 + -4). Let c be (20/6)/(b/(-36)). What is the units digit of -2*9/((-18)/c)?
0
Let y be 2/7 - (-2)/(28/6870). Let m = y + -321. What is the units digit of m?
0
Let s(d) = -22*d. Let w be s(-1). Suppose -w = -2*l - 5*z, -5 + 25 = 5*l - 5*z. What is the units digit of (-60)/9*l/(-5)?
8
Suppose 0*v - 5168 = -3*c + 5*v, -3*c + v = -5152. What is the units digit of c?
6
Let t be 0/(-3 - -7) - -15. Let g = t - -43. What is the units digit of g?
8
Suppose -3*u - 38*q = -33*q - 570, 5*u + 5*q - 950 = 0. What is the tens digit of u?
9
Let a(j) = 20*j**3 - 6*j**2 + 6*j - 4. Let u(s) = -10*s**3 + 3*s**2 - 3*s + 2. Let q(l) = 6*a(l) + 11*u(l). What is the units digit of q(1)?
8
Suppose -5*n + 5*f - 836 + 4846 = 0, -3*n = 2*f - 2401. What is the hundreds digit of n?
8
Suppose 5*d - 2*s - 21 = 0, -4*d - 3*s = -0 - 3. What is the units digit of (3/4)/(d/16)?
4
Let x be (51/4)/(9/264). Suppose -x = -6*j + 352. Suppose j = 4*g - 19. What is the units digit of g?
5
Suppose 1093 + 2317 = 11*b. What is the hundreds digit of b?
3
Let f be -2*4/(16/(-6)). Suppose -f*s = -5*s - 6. What is the units digit of 0 - s - 2/(-2)?
4
Let a(t) = 30*t + 67*t - 2 + 13*t. What is the hundreds digit of a(2)?
2
Let a(t) = 68*t**2 - 21*t - 6. What is the units digit of a(5)?
9
Let l be (-4)/(-6) + 20*(-1)/(-6). Suppose 4*r - 56 + 263 = 3*p, -l*p - r + 257 = 0. What is the units digit of p?
5
Let x = -67 + 148. What is the units digit of x?
1
Let s(w) = -4*w + 66. Let h be s(16). What is the hundreds digit of (-2)/4 - (h - (-1650)/(-12))?
1
Let g(s) = -2*s + 3. Let d be g(-2). Suppose -5*r + d*r = 0. Suppose 4*k + 91 = 3*p, 3*k + r + 12 = 0. What is the units digit of p?
5
Suppose 2*j - 312 = -92. Let a = -70 + j. What is the units digit of a?
0
Suppose -d + x + 4 = 0, 4*d - d - 5*x = 14. Let p(s) = 6 + 1 + 12 + d + 2*s. What is the units digit of p(0)?
2
Suppose -4*s + 7 = -5. Suppose 4*g - 125 = 5*u, u + 0*u = 3*g - 91. Suppose -s*i = -i - g. What is the units digit of i?
5
Let b = 62 + 458. Suppose -200 + b = 8*p. What is the tens digit of p?
4
Suppose 4*p - 641 = -105. Suppose -374 + p = -8*y. What is the tens digit of y?
3
Let i(d) = -24*d - 6. What is the tens digit of i(-3)?
6
Let t(l) be the third derivative of l**6/120 + 11*l**5/60 - l**4/8 - l**3 + 9*l**2. Let k be t(-11). Suppose -8*u + k = -7*u. What is the units digit of u?
7
Suppose -1759 = -2*n + w + 2*w, -5*w - 876 = -n. What is the hundreds digit of n?
8
Let q be 1/(-3)*(0 - 21). Let l(n) = 5*n**2 + 5*n**2 + 0*n**3 - q - n**3 - 4*n**2. What is the tens digit of l(5)?
1
Let v be (-1 - (-22)/6)*-6. What is the tens digit of (-2)/(-4) + (-2152)/v?
3
Suppose 0 = -3*h + 5*h - 50. Let q be ((-8)/(-10))/(10/h). Suppose -q*f - 2*f = -96. What is the tens digit of f?
2
Suppose 10*s = 5*s + 2860. Suppose -2*j + s = 3*v, -j + 2*j + 3*v - 292 = 0. What is the tens digit of j?
8
Let p be (2 - 1 - -9)*1. Let r(i) = -i**2 + 10*i. Let t be r(p). Suppose 3*v - 3*y - 102 = t, -5*v + 3*y + 170 = y. What is the tens digit of v?
3
Let u(b) = -b**3 + 3*b**2 - 2. Let o be u(3). What is the tens digit of 1/2 - 53/o?
2
Let h(y) = 4*y + 3. Let o(x) = -4*x - 2. Let b(u) = -4*h(u) - 3*o(u). Let l be b(-11). Let r = -26 + l. What is the units digit of r?
2
Let z = -1259 - -1340. What is the tens digit of z?
8
Suppose 0 = -2*c - 5*o - 45 + 211, -150 = -2*c - o. Suppose c = 4*p - 43. What is the tens digit of p?
2
Suppose -3*p + 2 = -16. What is the units digit of ((531/p)/(-3))/(4/(-8))?
9
Let g(p) = -3*p - 2. Suppose 2*j + 5*n + 1 = 17, -4*j = 2*n. Let t be (5/j)/((-2)/(-4)). What is the units digit of g(t)?
3
Let b(f) = f**3 + 6*f**2 + 5*f + 3. Suppose 2*t = -5*x - 66, x = 4*t + t + 165. Let c be (7 - 1)*22/t. What is the units digit of b(c)?
5
Suppose -3*s + 6 = -12. Let v be 60/45*s/4. Suppose v - 92 = -2*x. What is the units digit of x?
5
Suppose 7*q - 6 = 1. What is the units digit of -2*((-74)/4 + q)?
5
Suppose 5 = 6*s - s. Let c be -5 + 11 + (-1 - s). What is the units digit of (-332)/(-12) - c/6?
7
Let k = 91 - 61. Let z = k - 27. Suppose 0 = z*s - 114 - 96. What is the units digit of s?
0
Let d(t) = -t + 1. Let o(g) = -g + 8. Let h(s) = 2*d(s) - o(s). Let y be h(-9). Suppose -37 = -y*j - 5*n, 6*j = 2*j + 4*n + 28. What is the units digit of j?
9
Let g = -6 + 8. Suppose 4*h = -3*m - 20, 3 = -m - g*h - 7. Suppose -8*i + 3*i + 305 = m. What is the units digit of i?
1
Suppose -13 + 4 = 9*p. Let g = p + 137. What is the tens digit of g?
3
Let w be ((-5)/15)/(2/(-36)). Let r(k) = k**3 - 5*k**2 - 5*k + 8. Let b be r(w). Suppose 19*x = b*x + 310. What is the units digit of x?
2
Suppose -4*f - u = -208, -3*f + 4*u = -97 - 78. What is the units digit of f?
3
Let o(w) be the first derivative of w**4/12 + w**3/6 + 5*w**2/2 - 4*w + 2. Let z(c) be the first derivative of o(c). What is the tens digit of z(-6)?
3
Let n be (0 - -28)/((-2)/(-3)). Suppose 0 = 2*z - 18 - n. What is the units digit of z?
0
What is the units digit of (-320)/(-12)*(-816)/(-40)?
4
Suppose -v + t - 53 = 2*v, -v + 3*t = 15. What is the tens digit of (-1030)/(-18) + 4/v?
5
Suppose -2*s + w = -3, 5*s - 4*w - 9 = -0*s. Let a be (-5*s)/(8/(-8)). Suppose a = -4*v + 33. What is the units digit of v?
7
Suppose -22*w + 18*w - 2*k + 3534 = 0, -2*w + 1773 = -5*k. What is the tens digit of w?
8
Suppose -l + 0 + 1 = 0. Let t = l - 4. What is the units digit of 51/t*(5 - 6)?
7
Suppose -2*g + 672 = 4*g. Let o = g - 70. What is the units digit of o?
2
Suppose -5*j = -10, 3*j - 541 = -z - 23. What is the units digit of z?
2
Suppose 0 = 5*d + 7*m - 3*m - 2665, 3*d + 4*m - 1607 = 0. What is the units digit of d?
9
Suppose -5704 = -15*h + 9431. What is the units digit of h?
9
Suppose 23*s - 23856 = 7*s. What is the hundreds digit of s?
4
Let f = 14 - 10. Suppose 4*x - 46 = 3*w, 9*x - 63 = f*x + w. What is the units digit of (1 - 0)*(2 + x)?
5
Let d(l) = 9*l**3 + l**2 - l - 1. Let t be d(-1). Let v be (-2 - t) + 1 + -3. Suppose -43 = w - 2*w + v*q, -2*w + 5*q = -74. What is the units digit of w?
7
Suppose y + 2*l + 218 = l, 3*l = -4*y - 868. What is the hundreds digit of (y/4)/((-6)/4 - -1)?
1
Let r(t) = -49*t + 200. What is the units digit of r(-24)?
6
Suppose -6584 = -5*w + 5*d + 10226, -4*w + d + 13442 = 0. What is the thousands digit of w?
3
Let s(o) = -11*o**2 + 11*o + 9. Suppose 55 + 10 = 5*u. Let i(y) = -5*y**2 + 5*y + 4. Let z(t) = u*i(t) - 6*s(t). What is the units digit of z(-3)?
0
Let r = 0 + 1. Let y be (r/(-3))/(1/(-3)). What is the tens digit of 33/y + 2 + 1?
3
Let b(i) = i**2 - 7*i + 14. Let f be b(5). Suppose 3*h + 49 = f*h. What is the tens digit of h?
4
Let m(f) = 3*f**3 - 13*f**2 + 27*f - 27. Let z = 8 + -4. Let x(o) = -o**3 + 4*o**2 - 9*o + 9. Let j(s) = 